{"id":3750,"date":"2023-03-08T15:40:32","date_gmt":"2023-03-08T14:40:32","guid":{"rendered":"https:\/\/www.museum-re.de\/?post_type=nb_medium&#038;p=3750"},"modified":"2024-04-29T12:48:17","modified_gmt":"2024-04-29T10:48:17","slug":"3750","status":"publish","type":"nb_medium","link":"https:\/\/www.museum-re.de\/de\/kunst\/mediathek\/3750\/","title":{"rendered":"hr2: Chillida-Skulptur kommt nach Wiesbaden"},"content":{"rendered":"<div class=\"ce ce-onecol   pb-medium layout-10  \">\n\t<div class=\"container\">\n\t\t<div class=\"row\">\n\t\t\t<div class=\"col\">\n\t\t\t\t<p>Flutlicht und Nervenkitzel am Museum Reinhard Ernst: In der Nacht vom 15. auf den 16. September 2022 wird die dreiteilige und knapp neun Tonnen schwere Skulptur <em>Buscando la Luz III<\/em> von Eduardo Chillida aus dem Jahr 2000 in Wiesbaden angeliefert. Wie sich ihre Reise in die hessische Landeshauptstadt bisher gestaltete und wie die Skulptur an ihren zuk\u00fcnftigen Platz im Museum gelangen wird, das erz\u00e4hlt unter anderem Direktor Dr. Oliver Kornhoff in einem dreimin\u00fctigen Interviewbeitrag.<\/p>\n<audio class=\"wp-audio-shortcode\" id=\"audio-3750-2\" preload=\"none\" style=\"width: 100%;\" controls=\"controls\"><source type=\"audio\/mpeg\" src=\"https:\/\/www.museum-re.de\/wp-content\/uploads\/2023\/03\/BONHAGEN-BmE-Chillida-Skulptur-fuer-Museum-Reinhard-Ernst-VORAB.mp3?_=2\" \/><a href=\"https:\/\/www.museum-re.de\/wp-content\/uploads\/2023\/03\/BONHAGEN-BmE-Chillida-Skulptur-fuer-Museum-Reinhard-Ernst-VORAB.mp3\">https:\/\/www.museum-re.de\/wp-content\/uploads\/2023\/03\/BONHAGEN-BmE-Chillida-Skulptur-fuer-Museum-Reinhard-Ernst-VORAB.mp3<\/a><\/audio>\n<p>Beitrag: Bonhagen<\/p>\n\t\t\t<\/div>\n\t\t<\/div>\n\t<\/div>\n<\/div>\n\n\n<div class=\"ce ce-onecol   pb-medium layout-10  \">\n\t<div class=\"container\">\n\t\t<div class=\"row\">\n\t\t\t<div class=\"col\">\n\t\t\t\t<figure id=\"attachment_3760\" aria-describedby=\"caption-attachment-3760\" class=\"wp-caption alignnone\"><img loading=\"lazy\" decoding=\"async\" class=\"wp-image-3760 size-full\" src=\"https:\/\/www.museum-re.de\/wp-content\/uploads\/2023\/03\/Einzeiler.png\" alt=\"\" width=\"1500\" height=\"700\" srcset=\"https:\/\/www.museum-re.de\/wp-content\/uploads\/2023\/03\/Einzeiler.png 1500w, https:\/\/www.museum-re.de\/wp-content\/uploads\/2023\/03\/Einzeiler-800x373.png 800w, https:\/\/www.museum-re.de\/wp-content\/uploads\/2023\/03\/Einzeiler-1024x478.png 1024w, https:\/\/www.museum-re.de\/wp-content\/uploads\/2023\/03\/Einzeiler-768x358.png 768w, https:\/\/www.museum-re.de\/wp-content\/uploads\/2023\/03\/Einzeiler-300x140.png 300w\" sizes=\"auto, (max-width: 1500px) 100vw, 1500px\" \/><figcaption id=\"caption-attachment-3760\" class=\"wp-caption-text\">Foto: Marburger\/Helbig<\/figcaption><\/figure>\n\t\t\t<\/div>\n\t\t<\/div>\n\t<\/div>\n<\/div>\n\n\n<div class=\"ce ce-onecol   pb-medium layout-10  \">\n\t<div class=\"container\">\n\t\t<div class=\"row\">\n\t\t\t<div class=\"col\">\n\t\t\t\t<p>\u201eWie Messer durch warme Butter\u201c, so soll laut dem Direktor die Einhebung der tonnenschweren Skulptur des K\u00fcnstlers Eduardo Chillida in das Museum Reinhard Ernst stattgefunden haben. Reibungslos verlief ebenfalls die Platzierung einer zweiten Skulptur: Bernard Schultzes Kraken Migof. Der Rundfunksender hr2-kultur war bei diesem spektakul\u00e4ren Event vor Ort und berichtet in einem weiteren Beitrag, wie Direktor Dr. Oliver Kornhoff und Museumsgr\u00fcnder Reinhard Ernst den Einflug der Kunstwerke erlebt haben:<\/p>\n<p><audio class=\"wp-audio-shortcode\" id=\"audio-3750-4\" preload=\"none\" style=\"width: 100%;\" controls=\"controls\"><source type=\"audio\/mpeg\" src=\"https:\/\/www.museum-re.de\/wp-content\/uploads\/2023\/03\/BONHAGEN-BmE-Chillida-Skulptur-da.mp3?_=4\" \/><a href=\"https:\/\/www.museum-re.de\/wp-content\/uploads\/2023\/03\/BONHAGEN-BmE-Chillida-Skulptur-da.mp3\">https:\/\/www.museum-re.de\/wp-content\/uploads\/2023\/03\/BONHAGEN-BmE-Chillida-Skulptur-da.mp3<\/a><\/audio><br \/>\nBeitrag: Bonhagen<\/p>\n\t\t\t<\/div>\n\t\t<\/div>\n\t<\/div>\n<\/div>\n","protected":false},"excerpt":{"rendered":"<p>Audio-Beitrag<\/p>\n","protected":false},"featured_media":4369,"template":"","nb_medium_format":[26],"class_list":["post-3750","nb_medium","type-nb_medium","status-publish","has-post-thumbnail","hentry","nb_medium_format-audio"],"acf":[],"_links":{"self":[{"href":"https:\/\/www.museum-re.de\/de\/wp-json\/wp\/v2\/nb_medium\/3750","targetHints":{"allow":["GET"]}}],"collection":[{"href":"https:\/\/www.museum-re.de\/de\/wp-json\/wp\/v2\/nb_medium"}],"about":[{"href":"https:\/\/www.museum-re.de\/de\/wp-json\/wp\/v2\/types\/nb_medium"}],"wp:featuredmedia":[{"embeddable":true,"href":"https:\/\/www.museum-re.de\/de\/wp-json\/wp\/v2\/media\/4369"}],"wp:attachment":[{"href":"https:\/\/www.museum-re.de\/de\/wp-json\/wp\/v2\/media?parent=3750"}],"wp:term":[{"taxonomy":"nb_medium_format","embeddable":true,"href":"https:\/\/www.museum-re.de\/de\/wp-json\/wp\/v2\/nb_medium_format?post=3750"}],"curies":[{"name":"wp","href":"https:\/\/api.w.org\/{rel}","templated":true}]}}

<div class="ce ce-onecol   pb-medium layout-10  ">
	<div class="container">
		<div class="row">
			<div class="col">
				<p>Flutlicht und Nervenkitzel am Museum Reinhard Ernst: In der Nacht vom 15. auf den 16. September 2022 wird die dreiteilige und knapp neun Tonnen schwere Skulptur <em>Buscando la Luz III</em> von Eduardo Chillida aus dem Jahr 2000 in Wiesbaden angeliefert. Wie sich ihre Reise in die hessische Landeshauptstadt bisher gestaltete und wie die Skulptur an ihren zukünftigen Platz im Museum gelangen wird, das erzählt unter anderem Direktor Dr. Oliver Kornhoff in einem dreiminütigen Interviewbeitrag.</p>
<audio class="wp-audio-shortcode" id="audio-3750-2" preload="none" style="width: 100%;" controls="controls"><source type="audio/mpeg" src="https://www.museum-re.de/wp-content/uploads/2023/03/BONHAGEN-BmE-Chillida-Skulptur-fuer-Museum-Reinhard-Ernst-VORAB.mp3?_=2" /><a href="https://www.museum-re.de/wp-content/uploads/2023/03/BONHAGEN-BmE-Chillida-Skulptur-fuer-Museum-Reinhard-Ernst-VORAB.mp3">https://www.museum-re.de/wp-content/uploads/2023/03/BONHAGEN-BmE-Chillida-Skulptur-fuer-Museum-Reinhard-Ernst-VORAB.mp3</a></audio>
<p>Beitrag: Bonhagen</p>
			</div>
		</div>
	</div>
</div>


<div class="ce ce-onecol   pb-medium layout-10  ">
	<div class="container">
		<div class="row">
			<div class="col">
				<figure id="attachment_3760" aria-describedby="caption-attachment-3760" class="wp-caption alignnone"><img loading="lazy" decoding="async" class="wp-image-3760 size-full" src="https://www.museum-re.de/wp-content/uploads/2023/03/Einzeiler.png" alt="" width="1500" height="700" srcset="https://www.museum-re.de/wp-content/uploads/2023/03/Einzeiler.png 1500w, https://www.museum-re.de/wp-content/uploads/2023/03/Einzeiler-800x373.png 800w, https://www.museum-re.de/wp-content/uploads/2023/03/Einzeiler-1024x478.png 1024w, https://www.museum-re.de/wp-content/uploads/2023/03/Einzeiler-768x358.png 768w, https://www.museum-re.de/wp-content/uploads/2023/03/Einzeiler-300x140.png 300w" sizes="auto, (max-width: 1500px) 100vw, 1500px" /><figcaption id="caption-attachment-3760" class="wp-caption-text">Foto: Marburger/Helbig</figcaption></figure>
			</div>
		</div>
	</div>
</div>


<div class="ce ce-onecol   pb-medium layout-10  ">
	<div class="container">
		<div class="row">
			<div class="col">
				<p>„Wie Messer durch warme Butter“, so soll laut dem Direktor die Einhebung der tonnenschweren Skulptur des Künstlers Eduardo Chillida in das Museum Reinhard Ernst stattgefunden haben. Reibungslos verlief ebenfalls die Platzierung einer zweiten Skulptur: Bernard Schultzes Kraken Migof. Der Rundfunksender hr2-kultur war bei diesem spektakulären Event vor Ort und berichtet in einem weiteren Beitrag, wie Direktor Dr. Oliver Kornhoff und Museumsgründer Reinhard Ernst den Einflug der Kunstwerke erlebt haben:</p>
<p><audio class="wp-audio-shortcode" id="audio-3750-4" preload="none" style="width: 100%;" controls="controls"><source type="audio/mpeg" src="https://www.museum-re.de/wp-content/uploads/2023/03/BONHAGEN-BmE-Chillida-Skulptur-da.mp3?_=4" /><a href="https://www.museum-re.de/wp-content/uploads/2023/03/BONHAGEN-BmE-Chillida-Skulptur-da.mp3">https://www.museum-re.de/wp-content/uploads/2023/03/BONHAGEN-BmE-Chillida-Skulptur-da.mp3</a></audio><br />
Beitrag: Bonhagen</p>
			</div>
		</div>
	</div>
</div>
