{"id":26,"date":"2022-09-08T12:07:50","date_gmt":"2022-09-08T10:07:50","guid":{"rendered":"https:\/\/www.museum-re.de\/newsletter\/"},"modified":"2026-04-29T14:41:38","modified_gmt":"2026-04-29T12:41:38","slug":"newsletter","status":"publish","type":"page","link":"https:\/\/www.museum-re.de\/de\/newsletter\/","title":{"rendered":"Newsletter"},"content":{"rendered":"<div class=\"ce ce-twocol-img-borderless   pb-small   \">\n\t<div class=\"twocol-img-borderless\">\n\t\t<figure>\n\t\t\t\t\t\t\t<img loading=\"lazy\" decoding=\"async\" width=\"1280\" height=\"800\" src=\"https:\/\/www.museum-re.de\/wp-content\/uploads\/2023\/04\/Newsletter_1280800-1.png\" class=\"attachment-full size-full\" alt=\"\" srcset=\"https:\/\/www.museum-re.de\/wp-content\/uploads\/2023\/04\/Newsletter_1280800-1.png 1280w, https:\/\/www.museum-re.de\/wp-content\/uploads\/2023\/04\/Newsletter_1280800-1-800x500.png 800w, https:\/\/www.museum-re.de\/wp-content\/uploads\/2023\/04\/Newsletter_1280800-1-1024x640.png 1024w, https:\/\/www.museum-re.de\/wp-content\/uploads\/2023\/04\/Newsletter_1280800-1-768x480.png 768w, https:\/\/www.museum-re.de\/wp-content\/uploads\/2023\/04\/Newsletter_1280800-1-300x188.png 300w\" sizes=\"auto, (max-width: 1280px) 100vw, 1280px\" \/>\t\t\t\t\t<\/figure>\n\t\t<div class=\"container\">\n\t\t\t<div class=\"row\">\n\t\t\t\t<div class=\"col\">\n\t\t\t\t\t<div class=\"twocol-img-borderless-content\">\n\t\t\t\t\t\t<p>D\u00fcrfen wir Ihnen per Mail Neuigkeiten zum Museum zusenden?<\/p>\n<p>Dann abonnieren Sie jetzt unseren Newsletter! Unten finden Sie unsere verschiedenen Schwerpunkte.<\/p>\n<p>&nbsp;<\/p>\n\t\t\t\t\t<\/div>\n\t\t\t\t<\/div>\n\t\t\t<\/div>\n\t\t<\/div>\n\t<\/div>\n<\/div>\n\n\n\t\t<div class=\"ce ce-accordion      \">\n\t\t  <div class=\"container\">\n\t\t\t<div class=\"row\">\n\t\t\t  <div class=\"col\">\n\t\t\t\t<div class=\"accordion\"><div class=\"accordion-panel\" data-panel-id=\"allgemeine-news-rund-ums-mre\">\n\t<div class=\"accordion-headline\">\n\t\t<h4>Allgemeine News rund ums mre<\/h4>\n\t<\/div>\n\t<div class=\"accordion-content\">\n\t\t<div class=\"accordion-content-inner\">\n\n\n<div class=\"ce ce-onecol      \">\n\t<div class=\"container\">\n\t\t<div class=\"row\">\n\t\t\t<div class=\"col\">\n\t\t\t\t<p>Von geplanten Veranstaltungen zu inspirierende Inhalte zur Kunst. Mit unserem monatlichen Newsletter sind Sie bestens informiert!<\/p>\n<p>Hier geht&#8217;s zur Anmeldung!<\/p>\n\n\t\t\t\t\t\t<script>\n\t\t\t\t\t\t\twindow.hsFormsOnReady = window.hsFormsOnReady || [];\n\t\t\t\t\t\t\twindow.hsFormsOnReady.push(()=>{\n\t\t\t\t\t\t\t\thbspt.forms.create({\n\t\t\t\t\t\t\t\t\tportalId: 25488603,\n\t\t\t\t\t\t\t\t\tformId: \"db371291-e15e-42e4-ae72-36723441ce6f\",\n\t\t\t\t\t\t\t\t\ttarget: \"#hbspt-form-1777654862000-9510533197\",\n\t\t\t\t\t\t\t\t\tregion: \"eu1\",\n\t\t\t\t\t\t\t\t\t\n\t\t\t\t\t\t\t})});\n\t\t\t\t\t\t<\/script>\n\t\t\t\t\t\t<div class=\"hbspt-form\" id=\"hbspt-form-1777654862000-9510533197\"><\/div>\n\t\t\t<\/div>\n\t\t<\/div>\n\t<\/div>\n<\/div>\n\n\n<\/div><\/div><\/div><div class=\"accordion-panel\" data-panel-id=\"infomailing-mre-architektur\">\n\t<div class=\"accordion-headline\">\n\t\t<h4>Infomailing mre Architektur<\/h4>\n\t<\/div>\n\t<div class=\"accordion-content\">\n\t\t<div class=\"accordion-content-inner\">\n\n\n<div class=\"ce ce-onecol      \">\n\t<div class=\"container\">\n\t\t<div class=\"row\">\n\t\t\t<div class=\"col\">\n\t\t\t\t<p>Fasziniert Sie die besondere Architektur des mre? Arbeiten Sie als Architekt:in, St\u00e4dteplaner:in oder sind beruflich eng mit dem Thema verbunden? Dann ist unser Infomailing Architektur genau das Richtige f\u00fcr Sie. Zweimal j\u00e4hrlich erhalten Sie kuratierte Einblicke in unsere exklusiven Angebote \u2013 von spannenden Events \u00fcber besondere F\u00fchrungen bis hin zu ausgew\u00e4hlten Vortragsabenden rund um Architektur.<\/p>\n<p>Entdecken Sie neue Perspektiven \u2013 und verpassen Sie keine Highlights mehr.<\/p>\n<p><script charset=\"utf-8\" type=\"text\/javascript\" src=\"\/\/js-eu1.hsforms.net\/forms\/embed\/v2.js\"><\/script><br \/>\n<script>\n  hbspt.forms.create({\n    portalId: \"25488603\",\n    formId: \"30a4d214-26fd-44b2-bc24-f618ca60fc4f\",\n    region: \"eu1\"\n  });<span style=\"display: inline-block; width: 0px; overflow: hidden; line-height: 0;\" data-mce-type=\"bookmark\" class=\"mce_SELRES_start\">\ufeff<\/span>\n<\/script><\/p>\n\t\t\t<\/div>\n\t\t<\/div>\n\t<\/div>\n<\/div>\n\n\n<\/div><\/div><\/div><div class=\"accordion-panel\" data-panel-id=\"news-aus-der-mre-kunstvermittlung\">\n\t<div class=\"accordion-headline\">\n\t\t<h4>News aus der mre Kunstvermittlung<\/h4>\n\t<\/div>\n\t<div class=\"accordion-content\">\n\t\t<div class=\"accordion-content-inner\">\n\n\n<div class=\"ce ce-onecol      \">\n\t<div class=\"container\">\n\t\t<div class=\"row\">\n\t\t\t<div class=\"col\">\n\t\t\t\t<p>Ob Programme f\u00fcr Kinder &amp; Familien oder innovative Formate f\u00fcr Schulen und Bildungsorte: Einmal im Quartal erhalten Sie kuratierte Einblicke in aktuelle Highlights, kommende Angebote und besondere Erlebnisse.<\/p>\n<p><script charset=\"utf-8\" type=\"text\/javascript\" src=\"\/\/js-eu1.hsforms.net\/forms\/embed\/v2.js\"><\/script><br \/>\n<script>\n  hbspt.forms.create({\n    portalId: \"25488603\",\n    formId: \"6863ad92-f227-4d39-8a33-3f602aa15d2f\",\n    region: \"eu1\"\n  });\n<\/script><\/p>\n\t\t\t<\/div>\n\t\t<\/div>\n\t<\/div>\n<\/div>\n\n\n<\/div><\/div><\/div><\/div><\/div><\/div><\/div><\/div>","protected":false},"excerpt":{"rendered":"","protected":false},"author":1,"featured_media":0,"parent":0,"menu_order":6,"comment_status":"closed","ping_status":"closed","template":"","meta":{"_acf_changed":false,"content-type":"","_relevanssi_hide_post":"","_relevanssi_hide_content":"","_relevanssi_pin_for_all":"","_relevanssi_pin_keywords":"","_relevanssi_unpin_keywords":"","_relevanssi_related_keywords":"","_relevanssi_related_include_ids":"","_relevanssi_related_exclude_ids":"","_relevanssi_related_no_append":"","_relevanssi_related_not_related":"","_relevanssi_related_posts":"265,272,256","_relevanssi_noindex_reason":"","footnotes":""},"class_list":["post-26","page","type-page","status-publish","hentry"],"acf":[],"_links":{"self":[{"href":"https:\/\/www.museum-re.de\/de\/wp-json\/wp\/v2\/pages\/26","targetHints":{"allow":["GET"]}}],"collection":[{"href":"https:\/\/www.museum-re.de\/de\/wp-json\/wp\/v2\/pages"}],"about":[{"href":"https:\/\/www.museum-re.de\/de\/wp-json\/wp\/v2\/types\/page"}],"author":[{"embeddable":true,"href":"https:\/\/www.museum-re.de\/de\/wp-json\/wp\/v2\/users\/1"}],"replies":[{"embeddable":true,"href":"https:\/\/www.museum-re.de\/de\/wp-json\/wp\/v2\/comments?post=26"}],"version-history":[{"count":6,"href":"https:\/\/www.museum-re.de\/de\/wp-json\/wp\/v2\/pages\/26\/revisions"}],"predecessor-version":[{"id":44014,"href":"https:\/\/www.museum-re.de\/de\/wp-json\/wp\/v2\/pages\/26\/revisions\/44014"}],"wp:attachment":[{"href":"https:\/\/www.museum-re.de\/de\/wp-json\/wp\/v2\/media?parent=26"}],"curies":[{"name":"wp","href":"https:\/\/api.w.org\/{rel}","templated":true}]}}

<div class="ce ce-twocol-img-borderless   pb-small   ">
	<div class="twocol-img-borderless">
		<figure>
							<img loading="lazy" decoding="async" width="1280" height="800" src="https://www.museum-re.de/wp-content/uploads/2023/04/Newsletter_1280800-1.png" class="attachment-full size-full" alt="" srcset="https://www.museum-re.de/wp-content/uploads/2023/04/Newsletter_1280800-1.png 1280w, https://www.museum-re.de/wp-content/uploads/2023/04/Newsletter_1280800-1-800x500.png 800w, https://www.museum-re.de/wp-content/uploads/2023/04/Newsletter_1280800-1-1024x640.png 1024w, https://www.museum-re.de/wp-content/uploads/2023/04/Newsletter_1280800-1-768x480.png 768w, https://www.museum-re.de/wp-content/uploads/2023/04/Newsletter_1280800-1-300x188.png 300w" sizes="auto, (max-width: 1280px) 100vw, 1280px" />					</figure>
		<div class="container">
			<div class="row">
				<div class="col">
					<div class="twocol-img-borderless-content">
						<p>Dürfen wir Ihnen per Mail Neuigkeiten zum Museum zusenden?</p>
<p>Dann abonnieren Sie jetzt unseren Newsletter! Unten finden Sie unsere verschiedenen Schwerpunkte.</p>
<p>&nbsp;</p>
					</div>
				</div>
			</div>
		</div>
	</div>
</div>


		<div class="ce ce-accordion      ">
		  <div class="container">
			<div class="row">
			  <div class="col">
				<div class="accordion"><div class="accordion-panel" data-panel-id="allgemeine-news-rund-ums-mre">
	<div class="accordion-headline">
		<h4>Allgemeine News rund ums mre</h4>
	</div>
	<div class="accordion-content">
		<div class="accordion-content-inner">


<div class="ce ce-onecol      ">
	<div class="container">
		<div class="row">
			<div class="col">
				<p>Von geplanten Veranstaltungen zu inspirierende Inhalte zur Kunst. Mit unserem monatlichen Newsletter sind Sie bestens informiert!</p>
<p>Hier geht&#8217;s zur Anmeldung!</p>

						<script>
							window.hsFormsOnReady = window.hsFormsOnReady || [];
							window.hsFormsOnReady.push(()=>{
								hbspt.forms.create({
									portalId: 25488603,
									formId: "db371291-e15e-42e4-ae72-36723441ce6f",
									target: "#hbspt-form-1777654862000-9510533197",
									region: "eu1",
									
							})});
						</script>
						<div class="hbspt-form" id="hbspt-form-1777654862000-9510533197"></div>
			</div>
		</div>
	</div>
</div>


</div></div></div><div class="accordion-panel" data-panel-id="infomailing-mre-architektur">
	<div class="accordion-headline">
		<h4>Infomailing mre Architektur</h4>
	</div>
	<div class="accordion-content">
		<div class="accordion-content-inner">


<div class="ce ce-onecol      ">
	<div class="container">
		<div class="row">
			<div class="col">
				<p>Fasziniert Sie die besondere Architektur des mre? Arbeiten Sie als Architekt:in, Städteplaner:in oder sind beruflich eng mit dem Thema verbunden? Dann ist unser Infomailing Architektur genau das Richtige für Sie. Zweimal jährlich erhalten Sie kuratierte Einblicke in unsere exklusiven Angebote – von spannenden Events über besondere Führungen bis hin zu ausgewählten Vortragsabenden rund um Architektur.</p>
<p>Entdecken Sie neue Perspektiven – und verpassen Sie keine Highlights mehr.</p>
<p><script charset="utf-8" type="text/javascript" src="//js-eu1.hsforms.net/forms/embed/v2.js"></script><br />
<script>
  hbspt.forms.create({
    portalId: "25488603",
    formId: "30a4d214-26fd-44b2-bc24-f618ca60fc4f",
    region: "eu1"
  });<span style="display: inline-block; width: 0px; overflow: hidden; line-height: 0;" data-mce-type="bookmark" class="mce_SELRES_start">﻿</span>
</script></p>
			</div>
		</div>
	</div>
</div>


</div></div></div><div class="accordion-panel" data-panel-id="news-aus-der-mre-kunstvermittlung">
	<div class="accordion-headline">
		<h4>News aus der mre Kunstvermittlung</h4>
	</div>
	<div class="accordion-content">
		<div class="accordion-content-inner">


<div class="ce ce-onecol      ">
	<div class="container">
		<div class="row">
			<div class="col">
				<p>Ob Programme für Kinder &amp; Familien oder innovative Formate für Schulen und Bildungsorte: Einmal im Quartal erhalten Sie kuratierte Einblicke in aktuelle Highlights, kommende Angebote und besondere Erlebnisse.</p>
<p><script charset="utf-8" type="text/javascript" src="//js-eu1.hsforms.net/forms/embed/v2.js"></script><br />
<script>
  hbspt.forms.create({
    portalId: "25488603",
    formId: "6863ad92-f227-4d39-8a33-3f602aa15d2f",
    region: "eu1"
  });
</script></p>
			</div>
		</div>
	</div>
</div>


</div></div></div></div></div></div></div></div>
