{"id":3610,"date":"2023-07-12T11:26:15","date_gmt":"2023-07-12T09:26:15","guid":{"rendered":"https:\/\/www.museum-re.de\/kunst\/sammlung-reinhard-ernst\/objekte\/fruehe-gruen-weiss\/"},"modified":"2025-12-16T09:30:21","modified_gmt":"2025-12-16T08:30:21","slug":"fruehe-gruen-weiss","status":"publish","type":"nb_object","link":"https:\/\/www.museum-re.de\/en\/art\/reinhard-ernst-collection\/objects\/fruehe-gruen-weiss\/","title":{"rendered":"Fr\u00fche-Gr\u00fcn Wei\u00df"},"content":{"rendered":"","protected":false},"featured_media":7174,"template":"","nb_object_artist":[641],"nb_object_artist_group":[],"nb_object_period":[192],"nb_object_material_technique":[188,178],"nb_object_location":[],"nb_object_tag":[195,741],"nb_object_color":[173],"class_list":["post-3610","nb_object","type-nb_object","status-publish","has-post-thumbnail","hentry","nb_object_artist-ernst-wilhelm-nay","nb_object_period-1950s","nb_object_material_technique-canvas","nb_object_material_technique-oil","nb_object_tag-german-postwar-art","nb_object_tag-neue-gruppe-en","nb_object_color-yellow"],"acf":[],"_links":{"self":[{"href":"https:\/\/www.museum-re.de\/en\/wp-json\/wp\/v2\/nb_object\/3610","targetHints":{"allow":["GET"]}}],"collection":[{"href":"https:\/\/www.museum-re.de\/en\/wp-json\/wp\/v2\/nb_object"}],"about":[{"href":"https:\/\/www.museum-re.de\/en\/wp-json\/wp\/v2\/types\/nb_object"}],"wp:featuredmedia":[{"embeddable":true,"href":"https:\/\/www.museum-re.de\/en\/wp-json\/wp\/v2\/media\/7174"}],"wp:attachment":[{"href":"https:\/\/www.museum-re.de\/en\/wp-json\/wp\/v2\/media?parent=3610"}],"wp:term":[{"taxonomy":"nb_object_artist","embeddable":true,"href":"https:\/\/www.museum-re.de\/en\/wp-json\/wp\/v2\/nb_object_artist?post=3610"},{"taxonomy":"nb_object_artist_group","embeddable":true,"href":"https:\/\/www.museum-re.de\/en\/wp-json\/wp\/v2\/nb_object_artist_group?post=3610"},{"taxonomy":"nb_object_period","embeddable":true,"href":"https:\/\/www.museum-re.de\/en\/wp-json\/wp\/v2\/nb_object_period?post=3610"},{"taxonomy":"nb_object_material_technique","embeddable":true,"href":"https:\/\/www.museum-re.de\/en\/wp-json\/wp\/v2\/nb_object_material_technique?post=3610"},{"taxonomy":"nb_object_location","embeddable":true,"href":"https:\/\/www.museum-re.de\/en\/wp-json\/wp\/v2\/nb_object_location?post=3610"},{"taxonomy":"nb_object_tag","embeddable":true,"href":"https:\/\/www.museum-re.de\/en\/wp-json\/wp\/v2\/nb_object_tag?post=3610"},{"taxonomy":"nb_object_color","embeddable":true,"href":"https:\/\/www.museum-re.de\/en\/wp-json\/wp\/v2\/nb_object_color?post=3610"}],"curies":[{"name":"wp","href":"https:\/\/api.w.org\/{rel}","templated":true}]}}

Frühe-Grün Weiß
